tors of 45280240.
2, 5, 641, 883
What are the prime factors of 222134257?
17, 13066721
List the prime factors of 24807927.
3, 8269309
What are the prime factors of 2041205381?
37, 55167713
List the prime factors of 407692916.
2, 101923229
List the prime factors of 858316255.
5, 12653, 13567
List the prime factors of 174506771.
43, 94379
List the prime factors of 1785016425.
3, 5, 31, 767749
List the prime factors of 1270571690.
2, 5, 307, 413867
List the prime factors of 47594906.
2, 1907, 12479
What are the prime factors of 18959462?
2, 2549, 3719
What are the prime factors of 700825986?
2, 3, 7, 17, 191, 571
What are the prime factors of 24621315?
3, 5, 439, 3739
What are the prime factors of 3662146487?
3662146487
What are the prime factors of 102366644?
2, 25591661
What are the prime factors of 397975979?
397975979
List the prime factors of 2652159852.
2, 3, 29, 37, 68659
What are the prime factors of 64222554?
2, 3, 11, 973069
What are the prime factors of 340320933?
3, 4201493
What are the prime factors of 277626714?
2, 3, 46271119
What are the prime factors of 104768709?
3, 34922903
What are the prime factors of 445302436?
2, 1153, 96553
What are the prime factors of 14767278?
2, 3, 617, 3989
List the prime factors of 123003349.
7, 43, 167, 2447
What are the prime factors of 630810599?
31, 20348729
What are the prime factors of 176740254?
2, 3, 9818903
List the prime factors of 6786085.
5, 257, 5281
What are the prime factors of 163384960?
2, 5, 17, 15017
List the prime factors of 391376647.
391376647
What are the prime factors of 936149469?
3, 37, 8433779
What are the prime factors of 23082422?
2, 11, 1049201
List the prime factors of 39041146.
2, 17, 101, 11369
What are the prime factors of 267178577?
83, 3219019
What are the prime factors of 3213699088?
2, 613, 327661
What are the prime factors of 160579910?
2, 5, 263, 61057
List the prime factors of 344071817.
19, 3671, 4933
What are the prime factors of 295193564?
2, 73798391
List the prime factors of 6531232.
2, 204101
What are the prime factors of 2436551559?
3, 13, 20825227
What are the prime factors of 350214966?
2, 3, 19456387
What are the prime factors of 28693012?
2, 1283, 5591
What are the prime factors of 1582690306?
2, 23, 31, 1109881
What are the prime factors of 104263733?
7, 14894819
What are the prime factors of 396394166?
2, 7, 28313869
What are the prime factors of 187335135?
3, 5, 13, 179, 1789
List the prime factors of 1254911076.
2, 3, 11619547
List the prime factors of 4157027.
7, 17, 181, 193
What are the prime factors of 1108926749?
7, 1217, 130171
List the prime factors of 48080356.
2, 3467
List the prime factors of 987751069.
607, 1627267
What are the prime factors of 1336966119?
3, 479, 310129
What are the prime factors of 89906667?
3, 29968889
What are the prime factors of 1620848346?
2, 3, 13, 73, 284659
What are the prime factors of 5785098?
2, 3, 11, 23, 37, 103
List the prime factors of 656160714.
2, 3, 11, 3313943
What are the prime factors of 4766485544?
2, 113, 317, 16633
List the prime factors of 96401128.
2, 127, 239, 397
What are the prime factors of 77673089?
13, 5974853
List the prime factors of 164591161.
7, 17, 419, 3301
List the prime factors of 1425948141.
3, 475316047
What are the prime factors of 296063011?
37, 47, 170249
List the prime factors of 63471546.
2, 3, 29, 40531
List the prime factors of 711809296.
2, 11, 4044371
List the prime factors of 8121238149.
3, 751, 1063, 3391
What are the prime factors of 2067551637?
3, 631, 1092209
List the prime factors of 5104130393.
47, 3719, 29201
What are the prime factors of 39807979?
113, 151, 2333
List the prime factors of 2252622113.
7, 321803159
List the prime factors of 173846784.
2, 3, 53, 4271
What are the prime factors of 3535592726?
2, 8419, 209977
List the prime factors of 1788042815.
5, 13, 2116027
List the prime factors of 2496992055.
3, 5, 227, 733331
List the prime factors of 6815601692.
2, 29, 1531, 38377
List the prime factors of 35832546.
2, 3, 229, 8693
What are the prime factors of 22856310?
2, 3, 5, 84653
What are the prime factors of 1002157454?
2, 19273, 25999
List the prime factors of 507579030.
2, 3, 5, 7, 17, 83, 571
List the prime factors of 2765889690.
2, 3, 5, 92196323
What are the prime factors of 726302729?
97, 7487657
List the prime factors of 21383509.
7, 41, 74507
What are the prime factors of 67741052?
2, 523, 32381
What are the prime factors of 88822738?
2, 44411369
What are the prime factors of 1592207783?
439, 3626897
List the prime factors of 80719871.
179, 450949
What are the prime factors of 5344207504?
2, 23, 139, 191, 547
What are the prime factors of 2047572470?
2, 5, 23, 8902489
List the prime factors of 169165040.
2, 5, 11, 192233
What are the prime factors of 568885470?
2, 3, 5, 547, 34667
List the prime factors of 537398357.
41, 67, 83, 2357
List the prime factors of 254807269.
2377, 107197
What are the prime factors of 481606583?
17, 661, 42859
List the prime factors of 4096313951.
4096313951
List the prime factors of 14859531.
3, 183451
What are the prime factors of 5675869?
5675869
What are the prime factors of 378867131?
7151, 52981
What are the prime factors of 600117920?
2, 5, 3750737
List the prime factors of 78293563.
3229, 24247
What are the prime factors of 1450767831?
3, 1579, 306263
List the prime factors of 1297247931.
3, 7, 137, 150301
List the prime factors of 1081774697.
67, 127, 127133
What are the prime factors of 70510957?
11, 19, 31, 10883
What are the prime factors of 26764841?
41, 53, 109, 113
List the prime factors of 1577856976.
2, 19, 5190319
What are the prime factors of 18426528?
2, 3, 7109
What are the prime factors of 213127926?
2, 3, 11, 1019, 3169
List the prime factors of 70465349.
211, 333959
List the prime factors of 1720609404.
2, 3, 143384117
What are the prime factors of 2615576799?
3, 11, 79259903
List the prime factors of 91873794.
2, 3, 15312299
List the prime factors of 985092684.
2, 3, 82091057
What are the prime factors of 1721106559?
101, 313, 54443
What are the prime factors of 347801381?
71, 167, 29333
List the prime factors of 43782398.
2, 11, 227, 797
What are the prime factors of 736536034?
2, 13, 113, 250693
What are the prime factors of 137576390?
2, 5, 7, 1965377
What are the prime factors of 713903761?
713903761
List the prime factors of 100026283.
7, 17, 840557
List the prime factors of 7952041839.
3, 7, 17, 83, 167, 1607
List the prime factors of 291377999.
11, 2579, 10271
What are the prime factors of 1898902487?
89, 21335983
List the prime factors of 37617077.
2221, 16937
What are the prime factors of 4431672764?
2, 89, 139871
What are the prime factors of 141490696?
2, 31, 570527
What are the prime factors of 258910460?
2, 5, 37, 97, 3607
What are the prime factors of 757707745?
5, 19, 23, 577, 601
List the prime factors of 59979602.
2, 4793, 6257
What are the prime factors of 81317504?
2, 635293
List the prime factors of 84559303.
4363, 19381
What are the prime factors of 555983718?
2, 3, 4409, 21017
List the prime factors of 429424636.
2, 107356159
List the prime factors of 51699931.
19, 227, 11987
What are the prime factors of 971095967?
1669, 581843
List the prime factors of 6061922894.
2, 3030961447
What are the prime factors of 38557554?
2, 3, 7, 137, 6701
What are the prime factors of 163296732?
2, 3, 13608061
List the prime factors of 57170716.
2, 29, 541, 911
What are the prime factors of 4567742483?
4567742483
List the prime factors of 19654517.
67, 293351
What are the prime factors of 17089046?
2, 13, 17, 23, 41
List the prime factors of 12628725.
3, 5, 23, 7321
What are the prime factors of 78485303?
13, 149, 40519
List the prime factors of 28293202.
2, 7, 17, 53, 2243
What are the prime factors of 32597355?
3, 5, 7, 283, 1097
List the prime factors of 118162519.
118162519
What are the prime factors of 20567596?
2, 7, 734557
List the prime factors of 1711100452.
2, 2213, 193301
List the prime factors of 481738591.
15889, 30319
List the prime factors of 77071438.
2, 17, 827, 2741
What are the prime factors of 135352109?
135352109
What are the prime factors of 1406792134?
2, 11, 63945097
List the prime factors of 86487429.
3, 7, 23, 241, 743
What are the prime factors of 26691